 factors of 3115597?
3115597
List the prime factors of 708597.
3, 43, 1831
What are the prime factors of 338619?
3, 41, 2753
What are the prime factors of 22904336?
2, 7, 13, 15731
What are the prime factors of 3064283?
59, 167, 311
List the prime factors of 6226964.
2, 17, 91573
What are the prime factors of 2894211?
3, 35731
What are the prime factors of 5866842?
2, 3, 59, 16573
What are the prime factors of 629965?
5, 7, 41, 439
List the prime factors of 171143.
7, 23, 1063
What are the prime factors of 324304?
2, 20269
List the prime factors of 2061552.
2, 3, 29, 1481
What are the prime factors of 373002?
2, 3, 7, 83, 107
List the prime factors of 334454.
2, 43, 3889
What are the prime factors of 290153?
257, 1129
List the prime factors of 383236.
2, 7, 13687
What are the prime factors of 2098814?
2, 149, 7043
List the prime factors of 28311706.
2, 3389, 4177
List the prime factors of 851715.
3, 5, 701
What are the prime factors of 762959?
762959
List the prime factors of 3178294.
2, 7, 379, 599
What are the prime factors of 11039015?
5, 13, 169831
What are the prime factors of 1030576?
2, 41, 1571
What are the prime factors of 118994?
2, 59497
List the prime factors of 1507796.
2, 376949
List the prime factors of 7987476.
2, 3, 7, 95089
List the prime factors of 3287704.
2, 7, 8387
List the prime factors of 374318.
2, 7, 26737
What are the prime factors of 278092?
2, 37, 1879
List the prime factors of 9278561.
509, 18229
What are the prime factors of 1073811?
3, 173, 2069
List the prime factors of 523089.
3, 7, 19, 23
List the prime factors of 200050.
2, 5, 4001
What are the prime factors of 996874?
2, 41, 12157
What are the prime factors of 15518284?
2, 23, 168677
What are the prime factors of 295516?
2, 13, 5683
List the prime factors of 287048.
2, 53, 677
What are the prime factors of 1047309?
3, 59, 61, 97
What are the prime factors of 1417449?
3, 11, 42953
List the prime factors of 17114567.
3371, 5077
What are the prime factors of 6709859?
13, 23, 22441
List the prime factors of 453835.
5, 139, 653
What are the prime factors of 224783?
13, 17291
List the prime factors of 10243363.
13, 53, 14867
List the prime factors of 559580.
2, 5, 7, 571
List the prime factors of 116502.
2, 3, 19417
List the prime factors of 7450844.
2, 1862711
List the prime factors of 4973813.
13, 382601
What are the prime factors of 17157899?
11, 37, 42157
List the prime factors of 589171.
11, 19, 2819
List the prime factors of 448567.
7, 64081
What are the prime factors of 5500916?
2, 251, 5479
What are the prime factors of 371299?
371299
What are the prime factors of 476179?
11, 73, 593
What are the prime factors of 16279158?
2, 3, 7, 347, 1117
List the prime factors of 1720269.
3, 191141
List the prime factors of 6591515.
5, 7, 47, 4007
What are the prime factors of 32341?
32341
What are the prime factors of 1083035?
5, 216607
What are the prime factors of 1015930?
2, 5, 19, 5347
List the prime factors of 1031501.
29, 35569
List the prime factors of 29919662.
2, 181, 82651
List the prime factors of 4115602.
2, 47, 43783
List the prime factors of 11567014.
2, 37, 67, 2333
List the prime factors of 617363.
617363
List the prime factors of 164842.
2, 82421
List the prime factors of 8132557.
29, 173, 1621
List the prime factors of 6419446.
2, 11, 109, 2677
List the prime factors of 15876104.
2, 61, 32533
What are the prime factors of 449131?
449131
List the prime factors of 4469950.
2, 5, 89399
List the prime factors of 6373897.
6373897
What are the prime factors of 4543097?
13, 17, 61, 337
What are the prime factors of 1198122?
2, 3, 199687
List the prime factors of 2210645.
5, 23, 47, 409
What are the prime factors of 22123?
22123
What are the prime factors of 1763642?
2, 37, 23833
List the prime factors of 44525.
5, 13, 137
List the prime factors of 96500.
2, 5, 193
List the prime factors of 1521032.
2, 190129
List the prime factors of 143051.
19, 7529
What are the prime factors of 13351906?
2, 6675953
What are the prime factors of 559591?
559591
What are the prime factors of 362156?
2, 37, 2447
What are the prime factors of 379007?
379007
List the prime factors of 221077.
221077
List the prime factors of 4337006.
2, 17, 199, 641
What are the prime factors of 14736858?
2, 3, 17, 144479
List the prime factors of 149312.
2, 2333
List the prime factors of 4394595.
3, 5, 292973
What are the prime factors of 2870758?
2, 11, 130489
What are the prime factors of 3638715?
3, 5, 23, 53, 199
List the prime factors of 1715179.
23, 74573
List the prime factors of 1183134.
2, 3, 293, 673
List the prime factors of 9924.
2, 3, 827
List the prime factors of 2773933.
149, 18617
What are the prime factors of 9242089?
1733, 5333
List the prime factors of 696441.
3, 269, 863
List the prime factors of 5447689.
13, 419053
List the prime factors of 1340487.
3, 47, 3169
List the prime factors of 4759694.
2, 17, 139991
What are the prime factors of 18797961?
3, 7, 13, 37, 1861
What are the prime factors of 679152?
2, 3, 14149
List the prime factors of 1988095.
5, 29, 13711
List the prime factors of 600511.
463, 1297
What are the prime factors of 114934?
2, 57467
What are the prime factors of 93182?
2, 46591
What are the prime factors of 23568983?
23568983
What are the prime factors of 79325?
5, 19, 167
What are the prime factors of 593536?
2, 4637
List the prime factors of 495729.
3, 13, 19, 223
List the prime factors of 6267320.
2, 5, 156683
List the prime factors of 826456.
2, 103307
List the prime factors of 363236.
2, 71, 1279
List the prime factors of 926119.
223, 4153
List the prime factors of 345160.
2, 5, 8629
List the prime factors of 16756521.
3, 107, 52201
List the prime factors of 2359127.
1523, 1549
What are the prime factors of 37994824?
2, 7, 678479
List the prime factors of 2512847.
2512847
List the prime factors of 8979700.
2, 5, 89797
List the prime factors of 5880285.
3, 5, 149, 877
List the prime factors of 224607.
3, 74869
What are the prime factors of 8756222?
2, 173, 25307
What are the prime factors of 19064870?
2, 5, 11, 263, 659
What are the prime factors of 23175371?
47, 493093
What are the prime factors of 790598?
2, 29, 43, 317
List the prime factors of 2180230.
2, 5, 13, 31, 541
List the prime factors of 27935529.
3, 19, 490097
What are the prime factors of 19157105?
5, 11, 79, 4409
What are the prime factors of 874739?
874739
What are the prime factors of 7031070?
2, 3, 5, 26041
What are the prime factors of 35126496?
2, 3, 121967
What are the prime factors of 20168194?
2, 23, 438439
What are the prime factors of 381246?
2, 3, 63541
List the prime factors of 11935250.
2, 5, 47741
List the prime factors of 630417.
3, 210139
What are the prime factors of 12688?
2, 13, 61
What are the prime factors of 556035?
3, 5, 19, 1951
List the prime factors of 2987451.
3, 53, 6263
List the prime factors of 8016571.
17, 27739
What are the prime factors of 6892677?
3, 11, 69623
List the prime factors of 2283769.
193, 11833
What are the prime factors of 23012163?
3, 2556907
List the prime factors of 415437.
3, 11, 12589
List the prime factors of 7646316.
2, 3, 97, 6569
What are the prime factors of 11430986?
2, 7, 816499
List the prime factors of 804576.
2, 3, 17, 29
List the prime factors of 2074026.
2, 3, 41, 8431
What are the prime factors of 383308?
2, 79, 1213
List the prime factors of 823.
823
List the prime factors of 358002.
2, 3, 19889
What are the prime factors of 882032?
2, 55127
List the prime factors of 6990477.
3, 13, 179243
List the prime factors of 6839519.
191, 35809
List the prime factors of 2695566.
2, 3, 449261
List the prime factors of 226639.
7, 32377
List the prime factors of 8197016.
2, 23, 44549
What are the prime factors of 5937213?
3, 31, 63841
What are the prime factors of 986722?
2, 11, 44851
What are the prime factors of 57152?
2, 19, 47
List the prime factors of 14544021.
3, 4848007
List the prime factors of 1331133.
3, 443711
List the prime factors of 3644683.
7, 587, 887
List the prime factors of 145466.
2, 72733
List the prime factors of 180525.
3, 5, 29, 83
List the prime factors of 1988353.
1988353
List the prime factors of 179785.
5, 41, 877
What are the prime factors of 155238?
2, 3, 25873
What are the prime factors of 630591?
